18 = -3*a - 15. Let v be (a + 3/(-5))*10. Calculate the highest common factor of v and 12.
4
Let g(k) = 17*k - 60. Let h be ((-14)/(-8))/(-2*4/(-32)). Let y be g(h). Calculate the highest common divisor of 472 and y.
59
Suppose 98*v = 91*v + 5145. What is the highest common divisor of v and 35?
35
Let f(a) = 21*a - 63. Let y be f(9). What is the highest common divisor of 72 and y?
18
Let b = -1996 - -3309. Calculate the highest common factor of 26 and b.
13
Suppose -4*f = -3*k + 119, -2*k + 15 = -5*f - 55. Suppose 10*c - 7*c = k. Calculate the highest common divisor of 105 and c.
15
Suppose 0*a - a + 16 = 0. Calculate the highest common divisor of a and 400.
16
Let n(x) = -27 + 13 + 5*x - 4*x - x**2 + 9*x. Let w be n(7). What is the greatest common divisor of 1 and w?
1
Suppose -5145 = -21*y - 14*y. What is the highest common factor of 1519 and y?
49
Let b = 17 - -1. Let m be b/45 - 88/(-5). What is the highest common factor of 12 and m?
6
Suppose -64 = -2*o - 12. What is the greatest common factor of o and 1638?
26
Let c(d) = -d + 65. Let q be c(0). Let h(k) = -2*k**3 + 26*k**2 - 57*k - 4. Let l be h(10). What is the greatest common factor of q and l?
13
Suppose -x = 4*q + 29 - 12, 2*x - 4*q = 26. Suppose 3*b = -b - x*o + 19, -5*o = -2*b + 29. Calculate the highest common divisor of 49 and b.
7
Suppose -381 = -6*k - 93. Calculate the highest common factor of 36 and k.
12
Let x = 147 + 281. Calculate the greatest common divisor of x and 4.
4
Suppose -5*l + 5*p = -395, -2*l + 11*p + 170 = 15*p. What is the greatest common factor of 108 and l?
27
Suppose 3*u = -3*x + 33, -3*u = 5*x - 0*u - 55. Suppose x*h = 6*h. Let d be -18*(-1)/(3 + h). Calculate the highest common divisor of 3 and d.
3
Let h(v) = -v + 20. Let o be h(8). Calculate the greatest common factor of o and 84.
12
Let r(u) = -u**3 - 14*u**2 + 14*u - 34. Let b be r(-17). Suppose -6*g + b = -107. Calculate the highest common divisor of 13 and g.
13
Let w be (-10)/(-8) - 1146/(-24). What is the greatest common factor of w and 7?
7
Let y(i) = i**2 + 2*i - 3. Let o be y(3). Let m = -22 + 34. Calculate the greatest common divisor of m and o.
12
Let m be (-40)/6*(9/(-4) + -6). Let j(u) = -u**3 + 6*u**2 - 3. Suppose 8*g - 3*g - 25 = 0. Let a be j(g). Calculate the highest common divisor of a and m.
11
Let z(w) = -7*w**3 - 2*w**2 - 42*w - 88. Let c be z(-2). Calculate the highest common factor of c and 253.
11
Suppose s - q + 2 = 10, -q = 4*s - 17. What is the greatest common divisor of s and 505?
5
Suppose -3*s - 58 = -2*t - s, -75 = -3*t - s. Calculate the greatest common divisor of t and 221.
13
Let z be ((-12)/(-15))/(5/25). Suppose 0 = -m - n - 2, 0*m - z*n - 14 = m. What is the highest common factor of 5 and m?
1
Let v(c) = -c**3 + 5*c**2 + 3*c. Let s be v(7). Let f = 15 - s. Suppose f = 5*x + 3*k, 0 = x + x - 2*k - 24. Calculate the greatest common divisor of x and 16.
16
Let j be ((-12)/(-42))/(1/7). Suppose j*g = 1 + 5. Let i(a) = a**3 - 2*a**2 + a - 1. Let p be i(g). Calculate the highest common factor of p and 1.
1
Let h be (-2)/5 + 134/10. Let w(v) = -2. Let u(z) = 3*z - 23. Let l(j) = u(j) - 6*w(j). Let r be l(h). Calculate the greatest common divisor of r and 4.
4
Let i(p) = -2*p**3 - 15*p**2 - 3*p + 14. Let n be i(-8). What is the highest common divisor of n and 85?
17
Suppose -293 - 127 = -15*t. Calculate the greatest common divisor of t and 84.
28
Let i = -6 - -9. Suppose -i = 2*a - 1. Let m be -1 + 5 - (-3 - a). What is the greatest common factor of m and 3?
3
Let v be 9 + -3 + 4/4. What is the greatest common factor of 203 and v?
7
Let t be (63/6 + -5)*2*-57. Let m be (-1 + -1)*t/22. Let a(j) = j**3 + 4*j - 1. Let g be a(3). What is the highest common divisor of g and m?
19
Let z(f) = 7*f - 13. Suppose -28 = 2*d - 6*d. Let q be z(d). What is the highest common factor of 36 and q?
36
Let x(n) = n**2 + 2*n + 1. Let q be x(-1). Let h be (-2)/5 + -2 + 44/10. Let s be q + -5 + h + 48. Calculate the highest common divisor of 30 and s.
15
Let t be 14*(75/6 - 3). What is the highest common factor of t and 38?
19
Let y(l) = 41*l - 163. Let c be y(7). Calculate the greatest common factor of 806 and c.
62
Suppose -t = 3 - 5. Suppose -t*f = -5*f + 5*z + 63, -58 = -4*f - 2*z. Let s = f - 14. What is the greatest common divisor of 22 and s?
2
Let l(s) = s**3 + 13*s**2 - 29*s + 85. Let q be l(-15). Calculate the greatest common divisor of q and 28.
14
Suppose i = 5*h - 41 - 32, -3*i + 51 = 3*h. Let m be 0/(3 + 2 + -7). Suppose 2*n - 3*n - 5*t = -55, m = -t - 1. Calculate the greatest common factor of n and h.
15
Let c(i) = i**3 + 24*i**2 + 19*i + 7. Let w be c(-23). Let m(f) = f**3 - 18*f**2 - 19*f + 11. Let b be m(19). What is the greatest common factor of b and w?
11
Let j be (-16)/(-36)*9 - -77. What is the greatest common factor of 864 and j?
27
Let s(u) = 187*u**2 + 2*u. Let l be s(1). Let j be 4/(-14) + 5913/l. Calculate the greatest common divisor of 341 and j.
31
Let w be (150/9)/((-16)/(-6) + -2). What is the greatest common divisor of w and 20?
5
Let r(f) = -42*f + 89. Let u be r(-5). Calculate the greatest common factor of 39 and u.
13
Suppose -2*s + 4*n + 644 = 2, n + 318 = s. Let j(l) = l**3 + 5*l**2 - 12*l + 9. Let k be j(-6). Calculate the highest common factor of k and s.
45
Let p be (-22 + 14)/(2/(-12)*2). Calculate the highest common factor of 264 and p.
24
Suppose -m - 2*k + 20 = -6*k, k + 4 = 0. Suppose 5*q + 3 = r, -4*q - 28 = -m*r + 32. What is the greatest common factor of r and 144?
18
Let k be ((-6)/(-5))/(1/15). Let p = 410 - 302. Calculate the greatest common factor of k and p.
18
Suppose 5*w - 1071 = 2*g - 5*g, 2*g - 210 = -w. What is the highest common divisor of w and 96?
24
Suppose -8 = 4*r, 118 = -30*q + 35*q + r. Let p be (3/(-3) - -167) + 2. Calculate the highest common factor of q and p.
24
Suppose 2*a + 78 = -40. Let z = a - -101. What is the greatest common factor of 28 and z?
14
Suppose 37*t = 29*t + 1040. Let q(b) = -17*b + 1. Let c be q(-3). Calculate the highest common factor of c and t.
26
Let w be (14 + -20)*30/(0 + -3). What is the greatest common divisor of 10 and w?
10
Let h(y) = y**2 - 6*y - 11. Let q be h(8). Let b(c) = 1 + 2*c - 3*c**2 + q + c + 4*c**2. Let i be b(-4). What is the greatest common factor of i and 4?
2
Let k be (-1995)/(-51) + (-4)/34. What is the greatest common factor of k and 169?
13
Let s(r) = -18*r. Let i be s(-1). Let h be 238/i + 4/(-18). Suppose -y + 185 = 42. Calculate the highest common factor of h and y.
13
Let s(f) = -2*f + 18*f**2 + 3*f - 13*f - 4 - 17*f**2. Let z be s(14). What is the highest common divisor of z and 3?
3
Suppose 2*s + 70 - 46 = 0. Let j be 45/2*s/(-9). What is the highest common factor of j and 60?
30
Let f(d) = -10*d - 22. Let r be f(-3). Suppose -r = -b + 11. What is the highest common factor of 209 and b?
19
Let c be -71 + ((-10)/5 - -3). Let v be 2*c*(-2 - -1). Let g be (-82)/(-6) - 2/(-6). Calculate the greatest common factor of g and v.
14
Suppose 0 = 3*p - 8*p - 65. Let g = 45 + p. Calculate the highest common divisor of 4 and g.
4
Suppose 4*m - 129 = -3*k + 19, 4*k + 2*m = 214. What is the highest common factor of k and 140?
28
Suppose -5*w = 2*q - 0*q - 322, 2*w = -2*q + 334. Let h be -2*2/(-36) + (-2550)/(-135). Calculate the highest common divisor of h and q.
19
Suppose -60*s + 49*s + 220 = 0. Calculate the greatest common factor of s and 340.
20
Let k(f) = -3*f + 1. Let s be k(-4). Suppose -o = 24 - 26. Let w be (-1)/1*o/(6/(-273)). Calculate the greatest common factor of w and s.
13
Let f = 739 + -642. Calculate the highest common divisor of 1 and f.
1
Let q be (-7)/(-21) + (-46)/(-6). Let m = 23 - q. Suppose u - 75 = -m. What is the highest common factor of 12 and u?
12
Suppose 39*b = 3*b + 18864. What is the greatest common factor of b and 8?
4
Let d(c) = 19*c - 8. Let m be d(2). Suppose 34*n - m*n - 40 = 0. What is the greatest common divisor of 90 and n?
10
Suppose -8*i = -24*i + 2128. Calculate the highest common factor of i and 57.
19
Let v = 545 - 518. Let t be (0 + 18)*(-3)/(-2). What is the greatest common divisor of v and t?
27
Suppose -99*i = -92*i - 98. Suppose 5*a + 7 = -3. Let n be (-7)/((-43)/(-22) + a). Calculate the highest common divisor of n and i.
14
Suppose 